t is the units digit of x(13)?
3
Suppose 0 = 6*q - 5*q - 525. Suppose 0 = -5*l + 275 + q. Suppose a = -a + l. What is the units digit of a?
0
Let j = 180 + -96. Suppose -j = -2*w + w. Suppose -5*f + w = -2*f. What is the tens digit of f?
2
Suppose 4*b - 1 = 19. What is the units digit of (63/(-2))/(b/(-10))?
3
Let y(f) = -f**2 + 10*f + 19. Let q(d) = -2. Let p(z) = 4*q(z) + y(z). Let i(r) = 4*r + 1. Let s be i(2). What is the tens digit of p(s)?
2
Let h be 324/15 - ((-39)/(-15) - 3). Suppose -3*i + f + h = 0, 3*f - 11 = -4*i + 14. What is the units digit of i?
7
Let o = 3256 + -1403. What is the units digit of o?
3
Let f(q) = -3*q**2 - 7*q - 2. Let k be f(-4). What is the tens digit of 4/(-26) + k/26 - -23?
2
Let p = 959 - 439. What is the units digit of p?
0
Let z be (-15)/(-25) + 37/5. Let r(u) = u**2 + 10*u - 36. What is the tens digit of r(z)?
0
Suppose -2*z = 1 - 5. Let s be -1*3*(112/21)/(-4). Suppose -s*q = -16, z*a + q = -a + 37. What is the tens digit of a?
1
Suppose 0 = -9*q + 8569 - 136. What is the tens digit of q?
3
Let l(j) = -301*j + 1025. What is the thousands digit of l(-6)?
2
What is the thousands digit of (-5)/3 - (-59486)/21?
2
Suppose p = -3*f - 13, p + 5*f = f - 9. Let t = -38 + 86. Let i = t + p. What is the units digit of i?
3
Suppose 0 = -10*w - 8*w + 1188. What is the units digit of w?
6
Let x(s) = s**3 - 6*s**2 - s - 11. What is the hundreds digit of x(9)?
2
Suppose -2*p - 56 = 4*q + p, -56 = 4*q + 5*p. Let x(d) = d + 32. Let t be x(q). What is the units digit of t/5*(-4 + 9)?
8
Suppose 3*z - 3*y = 73 - 25, -4*y + 26 = 2*z. Suppose -18*s = -z*s - 357. What is the units digit of s?
9
Let v = -289 - -447. Let m = v + -73. What is the tens digit of m?
8
Let l(c) = -c**3 + c**2 - 6*c + 1540. What is the units digit of l(0)?
0
What is the units digit of (-3 - 20817/(-12))/((-66)/(-176))?
8
Suppose -3*x = -4*x + 5*n + 313, -5*x + 1519 = -2*n. What is the units digit of x?
3
Let n(t) = 13*t + 22. Let q(i) = -8*i - 11. Let b(l) = -7*l - 10. Let d(g) = 4*b(g) - 3*q(g). Let k(a) = 7*d(a) + 2*n(a). What is the units digit of k(-7)?
9
Let u be (-4)/(-18) + (-5020)/(-9) + 2. What is the tens digit of u/9 - (-2)/(-9)?
6
Let c = -24 + 1261. What is the hundreds digit of c?
2
Let n(s) = -s**3 + 12*s**2 + 12*s + 16. Let m be n(13). Suppose -h + m*h - 24 = 0. What is the units digit of ((-160)/(-12))/(4/h)?
0
What is the units digit of 31/((5/(-25))/(-1))?
5
Let i(l) = l**3 - 7*l**2 - 11*l - 7. What is the hundreds digit of i(14)?
2
Let h = 5762 - 3897. What is the units digit of h?
5
Let o = 15 - 25. Let q be (8/o)/((-2)/5). Let p = 21 + q. What is the tens digit of p?
2
Let l(t) = 15*t**2 + 3*t + 1. Let b be (21/6 - 1)*-2. Let w(r) = -r**2 + r. Let h(y) = b*w(y) + l(y). What is the tens digit of h(1)?
1
Let m be 136/4 - (-4 - -1). Suppose 7 + m = 4*d. Suppose 29 = 2*b + d. What is the units digit of b?
9
Let k(c) be the third derivative of -c**5/60 - 5*c**4/6 - 2*c**3/3 + 15*c**2. What is the units digit of k(-12)?
2
Suppose -10 = 5*g, 2*t - g = -3*g + 1024. What is the units digit of t?
4
Let x be (42/35)/(6/(-20)). Let l be 99/22 + 6/x. Suppose 0*o + 5*a = -l*o + 53, -2*a = 2*o - 34. What is the tens digit of o?
1
Let m(k) = 4*k - 4. Let i be m(6). Let y = i - 10. Let s = 21 + y. What is the tens digit of s?
3
Suppose -4*b + 5*s + 56 + 0 = 0, 4*b - 56 = 3*s. Let k(x) = 12*x + 28. What is the units digit of k(b)?
6
Suppose 20*u - 1100 - 180 = 0. What is the units digit of u?
4
Let n(v) = -v**2 - 29*v - 179. Let z be n(-22). Let b(g) = -5*g. Let d be b(-1). What is the units digit of 30/d*z/(-3)?
0
Let i be 0 - (0 - 0/(-4)). Suppose 8*w - 334 - 18 = i. What is the tens digit of w?
4
What is the units digit of (91700/(-560))/((-10)/336)?
2
Let j = 586 - -1117. What is the units digit of j?
3
Suppose -12*q + 11*q + 1752 = 0. What is the units digit of q?
2
Let i(r) = 29*r**2 - 9*r + 9. What is the units digit of i(-4)?
9
Suppose 0 = c + 7 - 22. Let w be (-28 + -2)/(c/10). Let o(j) = -j**2 - 21*j + 11. What is the units digit of o(w)?
1
What is the tens digit of (2 - 352)/((6 + -4)/(-6))?
5
Suppose -15 = -5*b, r + 5*b - 10 = 8. What is the units digit of 43 - (r + (1 - 4))?
3
Let o = -147 + 212. Suppose -5*c = -0*c - o. What is the tens digit of c?
1
What is the hundreds digit of 1/(-2)*(-5)/(20/4856)?
6
Suppose 19 = l + 3*c, 2*l + 3*l - 5*c - 35 = 0. Suppose -l = -4*g - 2. Suppose f - 2*d = 32, 5*f - g*d - 163 = -3. What is the units digit of f?
2
Suppose -3*m + 7 + 2 = 0. Suppose -4*w = -m*w. Suppose w = 3*i + 2*i + r - 72, 2*r = 4*i - 52. What is the tens digit of i?
1
Let t(i) = -i**3 + 8*i**2 - 4*i - 3. Let v be t(6). Let o(m) = 3*m + 17. Let f be o(-13). Let q = v + f. What is the units digit of q?
3
Let f(m) = -m**3 - 14*m**2 - 13*m. Let q be f(-11). Let b = q - -328. What is the tens digit of b?
0
Let v(s) = -s**2 - 15*s + 95. What is the units digit of v(-16)?
9
Let w be 2/9 + (-32)/(-18). Let z = 41 - 31. Suppose -40 = -w*k - z. What is the tens digit of k?
1
Suppose -5*m + 3*m = -152. Suppose 2 = s + t - 4*t, -4*s - 5*t = -m. What is the tens digit of s?
1
Suppose 0 = 3*x + 76 + 110. Let q = x + 103. Let k = 7 + q. What is the units digit of k?
8
Suppose -4*i = 5*n - 253, 3*n = 6*n + 3*i - 150. Suppose 0 = n*v - 48*v - 25. Suppose 0 = v*o + 4*w - 280, 2*o - 5*o - 3*w = -168. What is the units digit of o?
6
Suppose 5*r - 3535 = -2*f, 5*r = -69*f + 72*f - 5290. What is the tens digit of f?
6
Let z(u) = -5*u**3 + u**2 + 11*u + 178. What is the thousands digit of z(-10)?
5
Let n = -20 + 22. Suppose -n*j - 24 = j. What is the units digit of 9/2*j/(-6)?
6
Let u = -22 + 18. Let t be (4 - -30 - u)*1. Suppose -4*s = -2 - t. What is the tens digit of s?
1
Suppose -g = t - 0*g + 4, -20 = 5*g. What is the units digit of -4 + 2 - (t - 30) - 3?
5
Let v = -2 - -9. Let y(r) = v - 1 - 2*r + 4*r - 8. What is the units digit of y(11)?
0
Suppose 0 = -5*c - 61 + 1. Let g be (-7 - 3)/(2/c). Suppose 0 = -4*v + 7*v - g. What is the tens digit of v?
2
Let y(b) = b**3 - 7*b**2 - 15*b + 6. Let o(l) = l**3 - 10*l**2 + 2*l - 10. Let u be o(10). What is the tens digit of y(u)?
5
Suppose -12600 = 5*s - 10*s. What is the hundreds digit of s?
5
Let k(g) = -g**3 - 7*g**2 - 14*g - 9. Let i be k(-9). Suppose 0 = -3*h + 39 + i. What is the hundreds digit of h?
1
Let l(y) = -290*y + 15. What is the hundreds digit of l(-2)?
5
Suppose -15*y = -7*y - 11416. What is the hundreds digit of y?
4
Let y = 9885 - 6429. What is the hundreds digit of y?
4
Let k = 17 + -15. Let j(y) = -47 - y**k + 0*y**2 + 48 + 10*y. What is the units digit of j(6)?
5
Let k be 1/(-2) + 42/(-12). Let c(p) = -3*p**2 - 2*p - 1. Let t be c(k). Let x = t + 72. What is the units digit of x?
1
Suppose 3*a + 4 - 13 = 0. Suppose a*h + 22 = 88. What is the units digit of h?
2
Let z = -23 - -49. Suppose 0 = p - 3*p + z. Let o(l) = l + 3. What is the tens digit of o(p)?
1
Let b(l) = -l**3 + 6*l**2 - l + 8. Let n be b(6). Suppose -n*w - 58 = 8. Let r = 7 - w. What is the units digit of r?
0
Let r = 556 - 77. What is the units digit of r?
9
Let j(n) = 28*n**2 + 6*n + 1. What is the tens digit of j(4)?
7
Suppose -3*t + 2*p + 279 = 0, 478 = -t + 6*t + p. Let f = t + 81. What is the tens digit of f?
7
Let v be (-212)/(-10) - (-3)/(-15). Let y(d) = v - 17 + 13 + d. What is the units digit of y(-9)?
8
Suppose -2*c + 3*c - a = 142, 143 = c - 2*a. Suppose 12 = 3*g, 4*k - c = g - 33. What is the tens digit of k?
2
Let t(d) = 54*d**2 + d + 1. Let b be t(-1). Suppose 5*r + b = -x + 2*x, -4*r + 38 = 2*x. What is the units digit of x?
9
What is the tens digit of 2/(-6*5/(-6345))?
2
Let l = -13 + 37. Let s = 97 - l. What is the units digit of s?
3
Suppose 6 - 27 = q + 5*o, -q - 13 = 3*o. What is the tens digit of (-2 - (120 + 1))*q?
2
Suppose 4*r - 5*q - 165 = -r, -3*q = -r + 35. Suppose 2*x = 2*d + d + 100, -x - 3*d = -r. Let b = -27 + x. What is the units digit of b?
7
Suppose -2*c + 5*d = -258, -143 + 513 = 3*c + d. What is the units digit of c?
4
Let l = 19 + -19. Let c be (0 - (-14 + l))*8. What is the units digit of ((-12)/(-2))/(24/c)?
8
Let l be (12/9)/((-8)/(-18)). Let a be 1*(-1)/1*l. What is the units digit of (7 + -2)/(a/(-9))?
5
Let r = -241 - -260. What is the units digit of r?
9
Let w(v) = -v**3 - 